{"id":2320,"date":"2018-01-21T17:35:47","date_gmt":"2018-01-21T16:35:47","guid":{"rendered":"http:\/\/liberte-et-prospective.org\/?page_id=46"},"modified":"2025-04-01T15:08:41","modified_gmt":"2025-04-01T13:08:41","slug":"articles-publics","status":"publish","type":"page","link":"https:\/\/liberte-et-prospective.org\/?page_id=2320","title":{"rendered":"Articles publics"},"content":{"rendered":"\n<p><\/p>\n\n\n<p>\u00a0<\/p>\n<p><a href=\"https:\/\/liberte-et-prospective.org\/wp-content\/uploads\/2025\/04\/La-Dette-Jose-Giannesini.pdf\">La Dette Jos\u00e9 Giannesini<\/a> <a href=\"https:\/\/liberte-et-prospective.org\/wp-content\/uploads\/2025\/04\/IGTD-2015-PL-105-Article-C-Bigaut2.pdf\">IGTD 2015 PL 105 <\/a><\/p>\n<p><a href=\"https:\/\/liberte-et-prospective.org\/wp-content\/uploads\/2025\/04\/IGTD-2015-PL-105-Article-C-Bigaut2.pdf\">Article C Bigaut(2)<\/a> <a href=\"https:\/\/liberte-et-prospective.org\/wp-content\/uploads\/2025\/04\/IGTD-2015-PL-105-Article-C-Bigaut1.pdf\">IGTD 2015 PL 105<\/a><\/p>\n<p><a href=\"https:\/\/liberte-et-prospective.org\/wp-content\/uploads\/2025\/04\/IGTD-2015-PL-105-Article-C-Bigaut1.pdf\"> Article C Bigaut(1)<\/a><\/p>\n<p><a href=\"https:\/\/liberte-et-prospective.org\/wp-content\/uploads\/2024\/03\/Inflation-legislative-et-reglementaire-et-Insecurite-des-normes-Christian-BIGAUT.pdf\">Inflation l\u00e9gislative et r\u00e9glementaire et Ins\u00e9curit\u00e9 des normes Christian BIGAUT<\/a><\/p>\n<p><a href=\"https:\/\/liberte-et-prospective.org\/wp-content\/uploads\/2024\/03\/Entreprise-4.0-HCX-V3.pdf\" target=\"_blank\" rel=\"noopener\">Entreprise 4.0 Henriette CAUX<\/a><\/p>\n<p><a href=\"https:\/\/liberte-et-prospective.org\/wp-content\/uploads\/2024\/03\/SOUTENIR-LE-DEVELOPPEMENT-DUNE-INDUSTRIE-4.0-V2.pdf\" target=\"_blank\" rel=\"noopener\">SOUTENIR-LE-DEVELOPPEMENT-DUNE-INDUSTRIE-4.0-V2<\/a> Henriette CAUX<\/p>\n<p><a href=\"https:\/\/liberte-et-prospective.org\/wp-content\/uploads\/2024\/02\/Levolution-dangereuse-de-la-democratie-francaise-Giannesini.pdf\">L\u2019\u00e9volution dangereuse de la d\u00e9mocratie fran\u00e7aise Giannesini<\/a><\/p>\n<p><a href=\"https:\/\/liberte-et-prospective.org\/wp-content\/uploads\/2023\/07\/TT-Communique-UE-07-2023.pdf\" target=\"_blank\" rel=\"noopener\">REJET CANDIDATURE US A UE 07 2023<\/a><\/p>\n<p><a href=\"https:\/\/liberte-et-prospective.org\/wp-content\/uploads\/2019\/04\/Le-long-chemin-europ\u00e9en-vers-l\u2019harmonisation-sociale-et-fiscale.pdf\" target=\"_blank\" rel=\"noopener noreferrer\">Le long chemin europ\u00e9en vers l\u2019harmonisation sociale et\u00a0fiscale<\/a> par Jos\u00e9phine STARON<\/p>\n<p><a href=\"https:\/\/liberte-et-prospective.org\/wp-content\/uploads\/2018\/11\/PROSPECTIVES-POUR-LEUROPE.pdf\" target=\"_blank\" rel=\"noopener noreferrer\">PROSPECTIVES POUR L&rsquo;EUROPE<\/a> par Jos\u00e9 GIANNESINI<\/p>\n<p><a href=\"https:\/\/liberte-et-prospective.org\/wp-content\/uploads\/2018\/08\/De-Scarface-au-mythe-du-califat.pdf\">De Scarface au mythe du califat<\/a> par Sophia ELIAS<\/p>\n<p><a href=\"https:\/\/liberte-et-prospective.org\/wp-content\/uploads\/2018\/07\/EUROPE-1._presentation_isabelle_jegouzo_post_2020-100718.pdf\" target=\"_blank\" rel=\"noopener noreferrer\">BUDGET EUROPE pr\u00e9sentation Isabelle Jegouzo Ambassadrice France Commission Europ\u00e9enne<\/a><\/p>\n<p><a href=\"https:\/\/liberte-et-prospective.org\/wp-content\/uploads\/2018\/07\/Soft-power-Libert\u00e9-et-prospective.pdf\" target=\"_blank\" rel=\"noopener noreferrer\">Soft Power : Politique d\u2019influence \/ Politique de persuasion<\/a><\/p>\n<p><a href=\"https:\/\/liberte-et-prospective.org\/wp-content\/uploads\/2018\/06\/Fich\u00e9s-S-Non-\u00e0-la-communication.pdf\" target=\"_blank\" rel=\"noopener noreferrer\">Fich\u00e9s S Non \u00e0 la communication<\/a>\u00a0 par Michel CHAMPREDON<\/p>\n<p><a href=\"https:\/\/liberte-et-prospective.org\/wp-content\/uploads\/2018\/06\/Quelles-priorit\u00e9s-de-la-politique-de-la-ville.pdf\" target=\"_blank\" rel=\"noopener noreferrer\">Quelles priorit\u00e9s de la politique de la ville<\/a>\u00a0 par Michel CHAMPREDON<\/p>\n<p><a href=\"https:\/\/www.youtube.com\/watch?v=L7Q9_shg4VQ\" target=\"_blank\" rel=\"noopener noreferrer\">YOU TUBE vid\u00e9o interview FRANCE24 \u00ab\u00a0137 nuances de terrorisme. Les djihadistes de France face \u00e0 la Justice\u00a0\u00bb Marc HECKER<\/a><\/p>\n<p><a href=\"https:\/\/www.opinion-internationale.com\/2018\/05\/04\/un-nouveau-plan-de-prevention-de-la-radicalisation-au-maroc-chapeaute-par-la-directrice-de-lunesco-audrey-azoulay_53533.html\" target=\"_blank\" rel=\"noopener noreferrer\">Un nouveau plan de pr\u00e9vention de la radicalisation dans le monde arabe chapeaut\u00e9 par la directrice de l\u2019UNESCO, Audrey Azoulay<\/a><\/p>\n<p><a href=\"http:\/\/ultimaratio-blog.org\/archives\/8717\" target=\"_blank\" rel=\"noopener noreferrer\">L\u2019op\u00e9ration d\u2019Europol contre la propagande de Daech : approche et impact<\/a><\/p>\n<p><a href=\"https:\/\/www.robert-schuman.eu\/fr\/questions-d-europe\/0470-democratie-laicite-et-liberte-religieuse-en-europe\" target=\"_blank\" rel=\"noopener noreferrer\">D\u00e9mocratie, la\u00efcit\u00e9 et libert\u00e9 religieuse : quels \u00e9quilibres?<\/a><\/p>\n<p><a href=\"http:\/\/liberte-et-prospective.org\/index.php\/articles\/leconomie-du-numerique\/\" target=\"_blank\" rel=\"noopener noreferrer\">\u00c9conomie du num\u00e9rique<\/a> par Jos\u00e9 GIANNESINI<\/p>","protected":false},"excerpt":{"rendered":"<p>\u00a0 La Dette Jos\u00e9 Giannesini IGTD 2015 PL 105 Article C Bigaut(2) IGTD 2015 PL 105 Article C Bigaut(1) Inflation l\u00e9gislative et r\u00e9glementaire et Ins\u00e9curit\u00e9 des normes Christian BIGAUT Entreprise 4.0 Henriette CAUX SOUTENIR-LE-DEVELOPPEMENT-DUNE-INDUSTRIE-4.0-V2 Henriette CAUX L\u2019\u00e9volution dangereuse de la d\u00e9mocratie fran\u00e7aise Giannesini REJET CANDIDATURE US A UE 07 2023 Le long chemin europ\u00e9en vers &hellip; <a href=\"https:\/\/liberte-et-prospective.org\/?page_id=2320\" class=\"more-link\">Continuer la lecture<span class=\"screen-reader-text\"> de &laquo;&nbsp;Articles publics&nbsp;&raquo;<\/span><\/a><\/p>\n","protected":false},"author":4,"featured_media":452,"parent":0,"menu_order":1,"comment_status":"closed","ping_status":"closed","template":"","meta":{"footnotes":""},"class_list":["post-2320","page","type-page","status-publish","has-post-thumbnail","hentry"],"jetpack_sharing_enabled":true,"_links":{"self":[{"href":"https:\/\/liberte-et-prospective.org\/index.php?rest_route=\/wp\/v2\/pages\/2320","targetHints":{"allow":["GET"]}}],"collection":[{"href":"https:\/\/liberte-et-prospective.org\/index.php?rest_route=\/wp\/v2\/pages"}],"about":[{"href":"https:\/\/liberte-et-prospective.org\/index.php?rest_route=\/wp\/v2\/types\/page"}],"author":[{"embeddable":true,"href":"https:\/\/liberte-et-prospective.org\/index.php?rest_route=\/wp\/v2\/users\/4"}],"replies":[{"embeddable":true,"href":"https:\/\/liberte-et-prospective.org\/index.php?rest_route=%2Fwp%2Fv2%2Fcomments&post=2320"}],"version-history":[{"count":9,"href":"https:\/\/liberte-et-prospective.org\/index.php?rest_route=\/wp\/v2\/pages\/2320\/revisions"}],"predecessor-version":[{"id":3304,"href":"https:\/\/liberte-et-prospective.org\/index.php?rest_route=\/wp\/v2\/pages\/2320\/revisions\/3304"}],"wp:featuredmedia":[{"embeddable":true,"href":"https:\/\/liberte-et-prospective.org\/index.php?rest_route=\/wp\/v2\/media\/452"}],"wp:attachment":[{"href":"https:\/\/liberte-et-prospective.org\/index.php?rest_route=%2Fwp%2Fv2%2Fmedia&parent=2320"}],"curies":[{"name":"wp","href":"https:\/\/api.w.org\/{rel}","templated":true}]}}